-5*d + 17 = b, 51 = 3*b - d + c*d. What is the tens digit of b?
1
Suppose -42 = -7*m - 14. Suppose -2*c = -6*b + m*b + 410, 3*b - 4*c = 614. What is the tens digit of b?
0
Let c = 5 - 0. Let d(w) = -8*w**2 - 47*w + 20. Let t(q) = -3*q**2 - 16*q + 7. Let v(y) = -4*d(y) + 11*t(y). What is the tens digit of v(c)?
3
Let s(j) = -47*j**3 - 2*j**2 - 6*j - 7. What is the tens digit of s(-2)?
7
Suppose 4*d - 30 = 2*d. Suppose 0*j - d = 5*j + 5*n, -n = -5*j + 3. Suppose -c + 21 + 1 = j. What is the tens digit of c?
2
Let n(m) be the second derivative of -m**5/20 - m**4/6 - 2*m**3/3 - 13*m**2/2 + 35*m. What is the hundreds digit of n(-6)?
1
Let a = -296 + 981. What is the hundreds digit of a?
6
Let q be (28/(-6))/(26/(-39)). Let m(i) = 53*i + 3. Let r(z) = -79*z - 4. Let b(y) = q*m(y) + 5*r(y). What is the units digit of b(-1)?
5
Suppose 13*u = 15*u - o - 396, 5*u - 989 = 2*o. What is the units digit of u?
7
Let r = 60 + 39. Let t = 52 + r. What is the tens digit of t?
5
Let q(j) = -2*j**3 + 4*j**2 + 3*j. Let u be q(-4). What is the units digit of (-3)/(-3 + 536/u)?
5
Let x be 2*(2 + 9/(-2)). Let c = 13 - x. Let u = -17 + c. What is the units digit of u?
1
Let m be 2 - 21/6 - (-14)/4. Let c(i) = 26*i**2 - 2*i - 1. What is the units digit of c(m)?
9
Let y(o) = -o**2 - 7*o + 2. Let u be y(-7). Suppose -1 = -u*a + 13. Let j = a + 23. What is the tens digit of j?
3
Suppose 0 = 3*j - 6. Suppose -j*y + 64 = 3*t, 0*t - 62 = -4*t + 2*y. What is the units digit of t?
8
Let d = -3 - -5. Let k be d - 1 - 3/(-3). What is the units digit of ((-6)/k)/(6/(-20))?
0
Suppose 81 = 4*f + 3*p, 0 = -3*f - 2*f + 2*p + 84. What is the tens digit of 2706/f + 2/3?
5
Let s = -123 + 69. What is the tens digit of 574/9 + 2/s*-6?
6
Let k(l) = -12*l + 583. What is the units digit of k(19)?
5
Suppose -22*m + 24*m = -3*v + 291, -3*v - 399 = -3*m. What is the units digit of m?
8
Suppose -364 = -2*p + 2*x + 234, -1232 = -4*p - 5*x. Suppose 7*k - 124 = p. What is the tens digit of k?
6
What is the tens digit of (-58268)/(-16) + -6 - (-1)/4?
3
Let s = 28 - 23. Suppose 61 + 119 = s*z. What is the units digit of z?
6
Suppose 20 = 5*h + 5*a, 0 = -a + 3 - 2. Let j = 22 - h. What is the units digit of j?
9
Suppose 2*b - 3*z - 7 = 12, 0 = -4*b - 3*z + 11. Suppose -2*t + 5 = b*n, 2*n + 2*t - t - 2 = 0. What is the units digit of n?
1
Let f be 7/(-2) - (-9)/(-18) - 626. Let s = -346 - f. What is the tens digit of s?
8
Let h = -88 - -19. Let o be (-13 + -1)/(2 - (-6)/(-4)). Let g = o - h. What is the units digit of g?
1
Let d(p) = -p**3 - p**2 + 5*p + 654. What is the units digit of d(0)?
4
Suppose 0 = -3*u - 7 + 13. Suppose -u*y = -3*x + 10, -y = -2*x + 2*y + 5. Suppose x*l - 2*a = 16, l = -3*a - 2*a - 18. What is the units digit of l?
2
Let l(u) = 449*u**2 + 40*u - 83. What is the units digit of l(2)?
3
What is the tens digit of ((-378)/45)/((-10)/325)?
7
Suppose 8*n - 715 = 3*n. Let p = n + -93. What is the units digit of p/((1*-4)/(-2))?
5
Suppose 3*g = -t + 596, 0*g - 2*t = 2*g - 404. Suppose 5*l = -2*f + g, f - 3*l + 300 = 4*f. What is the hundreds digit of f?
1
Let z = 14 + 18. Suppose -5*l + 0*r + 4*r = -z, -3*l - r = -26. What is the tens digit of (-388)/(-14) - l/(-28)?
2
Let n = 7 - 2. Suppose -n = -d - 4*d. Let p(k) = 14*k**3 - k. What is the units digit of p(d)?
3
Suppose -4*k + 5*h = -3727 + 198, 5*h + 25 = 0. What is the tens digit of k?
7
Let o(d) = -6*d**2 + 5*d + 9*d**2 + d**3 - 2 + 10*d**2. What is the units digit of o(-12)?
2
Let p = -750 - -798. What is the units digit of p?
8
Suppose 4*a = 5*t + 28, 5*a + 2*t - 18 = 4*t. Suppose 0 = a*o + 2, 78 = u - 6*o + o. What is the tens digit of u?
7
Let f = 84 + -85. What is the tens digit of 142 - (-5)/f*-1?
4
Suppose -88 = -4*t - 0*t. Suppose 0 = a - 4*a + 3*c + 27, 0 = 4*a - 5*c - 39. Suppose -a = 4*p - t. What is the units digit of p?
4
Let s = 4409 - 1070. What is the units digit of s?
9
Suppose -j = -4*j + 4*k, j = k + 1. Suppose -j*c - 22 = -b, 0 = -3*b + c + 3*c + 34. What is the units digit of b?
6
Let y = -1347 - -2545. What is the thousands digit of y?
1
Suppose -84*a - 2*n = -86*a + 9166, a = -5*n + 4613. What is the units digit of a?
8
Let w(p) = 2*p - 12*p + p + 35 - p**2 - 8*p. What is the tens digit of w(-16)?
5
Let k(i) = -2*i + 3*i - 20*i**2 + 98*i**2 + 30*i**2. What is the hundreds digit of k(-1)?
1
Let f(q) = -4*q**3 + 6*q**2 + 10*q + 34. What is the units digit of f(-5)?
4
What is the units digit of (7016/32)/(-1*(-3)/12)?
7
Let s(r) = 26*r + 24. Let q be s(12). Suppose 4*o = 2*t - q, -7*t - 4*o = -2*t - 854. What is the hundreds digit of t?
1
Let a = 1707 - -144. What is the hundreds digit of a?
8
Suppose -u = -140 + 20. Let c(x) = 87*x**2 - 2*x. Let y be c(1). Let r = u - y. What is the tens digit of r?
3
Let l = 244 - 124. What is the units digit of l?
0
Let v(w) = 2*w**2 + 23*w - 68. What is the tens digit of v(-17)?
1
Let m = 12 + 2. Suppose -3*u - m + 8 = 0. What is the units digit of -38*(-3)/(-12)*u?
9
Suppose f + 5 = 2*k, k - 4 = 3*f - 2*f. What is the tens digit of 50/f*(-27)/18?
2
What is the hundreds digit of (2/(-6))/((-32)/551904)?
7
Let g = 36 - 34. What is the units digit of g/18*254 + 4/(-18)?
8
Suppose -5*i = -n - 76, -n + 82 = 4*i + 23. Suppose -i = -y - 4*y. Let k(j) = 6*j - 3. What is the units digit of k(y)?
5
Let b(h) = -h + 2. Let y be b(5). Let t be (8/(-6))/(2/y). Suppose 0 = -t*z + 5*z - 78. What is the units digit of z?
6
Suppose 0 = 2*j - 46 - 14. What is the tens digit of ((-105)/63)/((-2)/j)?
2
What is the tens digit of 885724/(-147)*(-2 + 10/8)?
1
Suppose 0 = 2*z - 2*w - 94, 5*w + 211 = 4*z + 20. Suppose -4*c + z = -3*c. What is the tens digit of c?
4
Suppose 4*u = -l + 4, 0 = -0*l + 5*l - 2*u + 46. What is the units digit of l/2*(-2 - 14)?
4
Let q(x) = 141*x**3 - 2*x**2 - 2*x. Let d be q(-2). Let v(r) = -r**2 + 4*r - 12. Let t be v(6). What is the tens digit of d/t + (-2)/12?
4
Let u be -10 - -12 - (1 - 1). Suppose 4*x + x = -5*l - 25, 2*l + u = 2*x. What is the units digit of (-3 - (l - 5)) + 3?
8
What is the hundreds digit of (-45270)/(-21) + (-6)/(-21)?
1
Suppose 11*r + 3*v = 15*r - 12761, -3*v + 9576 = 3*r. What is the tens digit of r?
9
Suppose 0 = -3*n - 3*f + 6, 0 = f + 2*f. Suppose n*d = -l + 133, 0 = 4*l - 0*d + 3*d - 547. What is the hundreds digit of l?
1
Suppose -4*v - 3*f = -5*f - 4, 2*v + 6 = 5*f. Suppose v*k - 3*k + 3 = 0. Let z = -1 + k. What is the units digit of z?
2
Let x(r) = -290*r - 14. What is the thousands digit of x(-4)?
1
Let i = 1695 - 871. What is the units digit of i?
4
Suppose 3*y - 6*y + 4*c + 12 = 0, -4*y - 4*c = 12. Suppose -3*i - 6 = y, -3*t - t + 5*i + 422 = 0. What is the hundreds digit of t?
1
Let u = -7039 + 12002. What is the units digit of u?
3
Suppose -3*k + k - 3*z + 172 = 0, 0 = -4*z - 8. What is the tens digit of k/(5/15*1)?
6
Suppose 380 = 8*d - 3*d. Suppose q = d - 16. What is the tens digit of q?
6
What is the hundreds digit of 1613*(5 - (-1 + 5))?
6
What is the hundreds digit of (2 - 22)/5*1691/(-2)?
3
Let b(a) be the third derivative of 0 + 0*a + 3*a**2 - 1/12*a**4 + 1/2*a**3. What is the tens digit of b(-12)?
2
Let x(y) = 26*y**2 + 18*y + 48. What is the hundreds digit of x(-8)?
5
Let o(n) = 4*n**3 - 10*n**2 + 2*n + 1. What is the units digit of o(4)?
5
Suppose -3*m + 24 = 4*i, 5*i + m = 54 - 13. Let j(w) = 7*w - 18. What is the tens digit of j(i)?
4
Suppose x - 3988 + 418 = 0. What is the thousands digit of x?
3
Suppose 0 = -5*o + c + 12, 3*o + 1 = -4*c - 1. Suppose o*f + 9 = f. What is the units digit of f/((-3)/((-3)/(-1)))?
9
Let h(x) = -8*x**3 - x**2 - 2*x - 28. Let j be h(13). What is the tens digit of j/(-187) + (-2)/11?
9
Suppose 15 = 6*c - 2973. What is the hundreds digit of c?
4
Let o(x) = -x**3 + 5*x**2 + 2*x - 5. Let y be o(5). Suppose 0*z - y*z = 0. What is the units digit of z + 0 - (-5 - 0)?
5
Suppose 0 = -a + 5, 15 = 5*s + a - 0. Suppose -5*d - 47 = s*n - 235, 5*d = 5*n - 435. What is the units digit of n?
9
Let j = 22 - 27. Let n(c) = c**3 + 7*c**2 + c - 7. Let r be n(j). Let p = -4 + r. What is the tens digit of p?
3
Let v(a) = 4*a**2 - 2*a - 7. Suppose 4*y - 9*y = 25. What is the hundreds digit of v(y)?
1
Suppose -825 = 5*c + 5*j, 2*j = 2*c - 0*j + 326. Let l = c + 280. What is the hundreds digit of l?
1
Let k b